pose -10*d + 522 = -4*d. What is the highest common divisor of d and 203?
29
Let l(t) = -t**3 - t**2 - 1. Let n(b) = -b**3 - b**2 - 2. Let x be n(0). Let c be l(x). Suppose c*s - 49 = 32. Calculate the highest common divisor of s and 3.
3
Let i be (0 + (-3)/2)/((-9)/42). Let d be 193/i - 20/35. Calculate the greatest common divisor of 243 and d.
27
Let b = 427 - 422. Calculate the greatest common factor of b and 9.
1
Suppose -8*b = -5*b + 6. Let m be (-151)/8*b + (-2)/(-8). Calculate the highest common factor of 57 and m.
19
Let m be 1/(-1)*-4 + 1. Suppose 2*f + 504 = m*f. Suppose -f = -4*k + k. What is the greatest common factor of 14 and k?
14
Suppose -o - 730 = -3*i, 343 = 3*i + o - 397. Calculate the greatest common divisor of i and 49.
49
Suppose -2*v - 46*k = -47*k - 10, 0 = 3*k + 12. What is the highest common factor of 684 and v?
3
Let i(v) = 13*v - 3. Let r be i(3). Suppose 0 = r*u - 35*u - 38. What is the highest common divisor of 133 and u?
19
Let c(y) = -y**3 + 78*y**2 - 363*y + 6. Let z be c(73). Let a = -41 + 60. Calculate the highest common divisor of a and z.
19
Let b(y) = -54*y + 87. Let o be b(-2). Calculate the highest common factor of o and 455.
65
Let w(h) = -16*h - 128. Let j be w(-9). Calculate the greatest common divisor of 112 and j.
16
Let z = -240 + 255. What is the highest common divisor of 120 and z?
15
Suppose 5*f + 3265 = 5*o, 3*f - 363 = -3*o + 1626. Calculate the highest common divisor of o and 94.
94
Let f(y) = -17*y + 74*y - 418 + 421. Let x be f(2). Calculate the greatest common divisor of 13 and x.
13
Let g = 919 + -460. Calculate the highest common divisor of 27 and g.
27
Let y(h) = -5*h - 136. Let j be y(-32). What is the greatest common factor of j and 264?
24
Suppose 5*s + 59*u - 544 = 63*u, -196 = -2*s + 4*u. Let x be ((-1)/(-1))/(2/58). Calculate the highest common divisor of s and x.
29
Let x(t) = -t**2 - 29*t - 116. Let z be x(-20). Calculate the highest common factor of 864 and z.
32
Suppose -6 = t - 68. Suppose -l - 21 = t. Let a = -38 - l. What is the highest common factor of 9 and a?
9
Let w(q) = q**3 + q**2 - q + 68. Let i be w(0). Calculate the greatest common divisor of 51 and i.
17
Let c = -1165 + 1192. Calculate the highest common divisor of c and 513.
27
Suppose 49 = 3*f + 2*c - 107, -4*f = 2*c - 210. What is the greatest common divisor of f and 1674?
54
Suppose 2*c = c + 182. Suppose 0 = 2*j - 3*a - 55, -3*a + 0*a = 3. What is the greatest common divisor of j and c?
26
Let h(s) = 4*s + 0*s**2 + 8*s**3 - s + s**2 - s. Let b be h(2). Suppose -5*w + w = -b. What is the greatest common divisor of 54 and w?
18
Let h = 3074 - 2934. Let m be (-6)/(-1)*(-10)/(-3). What is the greatest common factor of m and h?
20
Let u be (-15)/(270/96)*15/(-4). Calculate the greatest common divisor of 250 and u.
10
Let n = -117 + 244. Let s = -85 + 282. Suppose 4*t - n = s. What is the greatest common divisor of t and 9?
9
Suppose -27*q = -412 + 7. What is the greatest common divisor of q and 120?
15
Let n(g) = -7 - 2*g**3 + 10*g**2 + 3*g**3 + 6*g + 0*g. Let h be n(-5). Calculate the highest common factor of 8 and h.
8
Let c = 38 + -18. Suppose -4*v + v + 4*p = 368, -367 = 3*v - 5*p. Let j = v - -204. What is the highest common factor of c and j?
20
Suppose -2*h - 3*h + 80 = 0. Suppose -350*l + 307*l + 1376 = 0. What is the highest common divisor of h and l?
16
Suppose -4*l = r + 2*r - 108, -2*l - r = -54. Suppose 3*o - 5*g = 11, 5*o - 4*g - 13 = l. Calculate the highest common divisor of 108 and o.
12
Let r(w) be the first derivative of w**3/3 + 2*w**2 + 21*w - 4. Let g be r(-5). Calculate the greatest common divisor of 182 and g.
26
Let s(t) = 14*t**3 - 2*t**2 - t + 2. Let q be s(1). Let n = q - -1. What is the greatest common factor of n and 98?
14
Let j be ((-560)/(-714) - (-4)/(-34))*54. Calculate the greatest common factor of j and 1710.
18
Let s = 1726 + -1302. What is the greatest common factor of 8 and s?
8
Let m be (2/(-3) - 0)*-63. Suppose -h = -5*t - 106 + 416, -2*h = t - 73. Calculate the greatest common divisor of t and m.
21
Let i(n) = -3*n**3 - 10*n**2 + 8*n. Let q be i(-6). Suppose 0 = 8*c - 0 - q. Calculate the greatest common factor of c and 45.
15
Let k = 18 - -4. Let y = k - 12. Suppose 2*x - 135 = -5*p, 4*x - 2*x - 136 = -4*p. What is the highest common divisor of x and y?
10
Suppose -5*b + 532 = -4*h - 113, -2*h - 285 = 5*b. Let i = 153 - h. What is the greatest common factor of 28 and i?
28
Let y = 1184 + -310. Calculate the greatest common factor of 38 and y.
38
Let s(t) = 3*t**2 + t. Let g be s(1). Let p(i) = -5 + 6*i - 4 - 1 + g. Let h be p(7). What is the greatest common factor of h and 4?
4
Suppose -175 = -5*m - 5*t, -184 = -4*m + 2*t - 38. What is the highest common factor of m and 84?
12
Let z = 224 + -128. Suppose -5*p = -5*i, -4*i = -3*p + 8*p. Suppose -y + 2*y - 12 = p. Calculate the greatest common divisor of y and z.
12
Suppose 42 = 6*q - 3*q. Let f be 381/9 + (3 - (-10)/(-3)). What is the greatest common factor of q and f?
14
Let b(v) = 2*v + 3. Let k be b(6). Let g = 46 - k. Let c = 31 - -186. What is the highest common factor of c and g?
31
Suppose 0 = 23*n - 20*n - 186. What is the greatest common factor of 279 and n?
31
Let f be 5/10 - 46/(-4). Suppose -5*d - f = -32. Suppose 4*t - 44 - 132 = 0. What is the highest common factor of d and t?
4
Let x = -257 - -427. What is the greatest common divisor of x and 10?
10
Suppose 2*f - 40 - 24 = 0. What is the highest common divisor of 96 and f?
32
Let h = -403 - -679. What is the highest common factor of 48 and h?
12
Let k(n) = 3*n**2 - 3. Let z be k(-2). Suppose -z = -4*h - 1. Let l = 14 - h. What is the greatest common factor of l and 120?
12
Let y = 1312 - 597. Let o = -18207 - -18272. What is the highest common factor of y and o?
65
Suppose 76*m = 73*m + 231. What is the highest common divisor of m and 7?
7
Let l = -621 - -631. Calculate the greatest common factor of l and 1250.
10
Suppose -244*a + 504 = -238*a. What is the highest common divisor of a and 132?
12
Let t = -1781 + 2466. Calculate the greatest common factor of 15 and t.
5
Suppose 5*f + 143 = 2*o, 0 = -9*o + 7*o + f + 147. Calculate the greatest common divisor of 37 and o.
37
Let j = -48 + 108. Let q(z) = -52*z + 2220. Let r be q(30). What is the highest common divisor of r and j?
60
Suppose 5*i + 15 = 0, 3*r + 2*i = 209 - 890. Let b = r - -329. What is the greatest common factor of b and 26?
26
Let n(i) = -i**3 - 22*i**2 + 8*i + 94. Let s be n(-22). Suppose -7 = -2*b - 73. Let z = b - s. What is the highest common divisor of z and 7?
7
Let q = 13 - 27. Let t = -7 + q. Let i be (-9)/t + 60/7. What is the greatest common divisor of 99 and i?
9
Let l(u) = -u**2 - 3*u - 3. Let s = 1 + -3. Let t be l(s). Let h be 3 - 24/(-3 - t). What is the highest common divisor of h and 6?
3
Let d = 23 + -19. What is the greatest common factor of 324 and d?
4
Let y be ((-64)/(-3))/(-2)*810/(-180). Let a = -53 + 114. Suppose -13 = 4*j - a. What is the greatest common factor of j and y?
12
Let v be 10302/12 + 2/(-4). Suppose 3*n + v = 9*n. What is the greatest common factor of n and 13?
13
Suppose -78 + 84 = 3*b. Let d be ((-21)/(-36) + b/(-8))*75. What is the highest common divisor of 75 and d?
25
Let w = 20 + -14. Let z(y) = 9*y + 12. Let h(p) = -2*p - 8. Let r be h(-6). Let k be z(r). What is the highest common divisor of w and k?
6
Suppose -14*b = -12*b - 6. Suppose -5*n + 137 = -2*v + 4*v, -v + 68 = 2*n. Suppose -v = -9*f + 7*f. What is the greatest common divisor of f and b?
3
Let s(d) = -5*d**2 + 374*d + 114. Let l be s(75). Suppose -q + 65 = 4*q. What is the highest common factor of q and l?
13
Let x = -11 + 26. Let c = -266 + 63. Let v = -143 - c. What is the greatest common divisor of v and x?
15
Let i(j) = 6*j - 29. Let n be i(4). Suppose 10 = 3*m - 5, 60 = 5*b + 3*m. Let r = n + b. What is the greatest common divisor of r and 4?
4
Suppose 15 = p + 4*j, 5*p + 2*j = -0*p + 57. Let b be 4/4 - (-1 + (-97)/1). What is the greatest common divisor of p and b?
11
Let r be 1*(7045/5 - 6). What is the highest common factor of r and 61?
61
Let i be (-13 - -11)/((-63)/(-33) + -2). Let h be -1*5*(-2)/5. Calculate the greatest common divisor of h and i.
2
Let o be 159/4 + (-1)/(